. Suppose 0*d - 4*d + 2*n + 74 = 0, 2*n = -4*d + 94. Calculate the greatest common divisor of d and y.
21
Let p = -6193 + 7417. What is the greatest common divisor of 1071 and p?
153
Let j be (-204)/(-1326) + 48/26. Suppose 5*p - r = -j*r + 326, 4*p = -2*r + 256. What is the greatest common divisor of 1188 and p?
66
Let b(l) = -4*l + 52. Let w be b(-41). Suppose 3*m = -9*m + w. What is the highest common divisor of m and 252?
18
Let s be ((-96)/(-3))/((-2)/(-4)). Let g = s - 54. Let j(t) = -t**3 + 12*t**2 - 16*t + 25. Let o be j(g). Calculate the greatest common divisor of 26 and o.
13
Suppose -35*l - 22*l = -12*l. Suppose l*m = m + 3*t - 38, -104 = -3*m + t. Calculate the greatest common factor of m and 770.
35
Suppose 5*p = -2*s + 179, -122*p + 126*p + 365 = 5*s. What is the highest common divisor of 5313 and s?
77
Let x(c) be the second derivative of 5/2*c**2 + 5/6*c**3 - 1/12*c**4 + 0 - 3/20*c**5 + 8*c. Let v be x(-2). Calculate the greatest common divisor of v and 45.
15
Let m = -1145 + 311. Let u be -2 + 28/20 - m/15. What is the greatest common divisor of 11 and u?
11
Suppose -16*a + 4*l = -11*a - 300, -a + 3*l = -49. What is the greatest common factor of 432 and a?
16
Suppose 649 + 791 = 16*j. Calculate the highest common divisor of j and 1770.
30
Let k be ((-3)/9)/(1/(-3)). Suppose -66*c + 6 = -64*c. Suppose c*y + 13 = 16. What is the greatest common factor of y and k?
1
Let g = -12419 - -13827. Calculate the highest common divisor of 11 and g.
11
Let z be (-9408)/126 - (-2)/(-6). Let f be -2 - (25/(-5) + z - 2). Calculate the highest common divisor of 20 and f.
20
Let o(h) = 2*h**3 - 13*h**2 + 101*h - 560. Let b be o(6). What is the greatest common divisor of b and 45?
5
Let d be -1 + 2/((-10)/(-15)). Let x = d - 6. Let m be (100/26 - x) + 4/26. Calculate the highest common factor of 12 and m.
4
Suppose 3*l = 4*r + 484, 932*l - 936*l + 5*r + 647 = 0. Calculate the greatest common factor of l and 24.
24
Let u = 80 - 62. Let b = 41 - 41. Let n(l) = 4*l + 36. Let v be n(b). What is the highest common factor of u and v?
18
Let z be (320/200)/(121/60 - 2). Suppose -2*f + z = f + 3*a, 4*f - 3*a = 156. Calculate the highest common divisor of f and 276.
12
Let u = -19 + 49. Let l = u + -16. Let k be ((-8)/18)/((-8)/(-84))*-3. What is the highest common divisor of k and l?
14
Suppose -7*x - 15*x = -6864. Suppose -5*y - m + 49 = -x, -2*y - 2*m + 138 = 0. What is the greatest common factor of y and 1679?
73
Let r(u) = -u**3 - 13*u**2 + 56*u + 408. Let f be r(-16). What is the greatest common divisor of f and 85?
5
Let v(c) = 4*c**3 + 8*c**2 - 2*c**3 + 8*c**2 - 5*c**2 + 2*c. Let t be v(-6). Let z be t/24 - (-12 - 1). What is the greatest common divisor of z and 99?
11
Let c(g) = -g**3 - 6*g**2 - 17*g - 12. Let r be c(-9). Suppose 4*p - 720 = r. What is the greatest common divisor of p and 12?
12
Let n(s) = 3*s. Let p be n(9). Suppose 3*w - i = 2*i + 6, -p = -w - 4*i. Suppose 15*z = w*z + 704. Calculate the highest common divisor of 11 and z.
11
Let c = 241 + -159. Let t be (-4)/(4/(-976)*-4). Let i = -121 - t. Calculate the highest common factor of c and i.
41
Suppose 3*p + 459 = 4*p. Suppose -17*x = -1071 - p. Calculate the greatest common divisor of 180 and x.
90
Let p = -1 + 4. Suppose -22 = -p*b + 32. Let w(a) = -109*a + 1419. Let h be w(13). Calculate the greatest common factor of b and h.
2
Let o = 3304 + -3056. What is the greatest common factor of 744 and o?
248
Suppose -96 = -94*u - 2. What is the greatest common factor of 2921 and u?
1
Let x(k) = -k**2 + 12*k - 25. Let q be x(4). Suppose 4*v = q*v - 6. Let s be (-4)/(-10) - (-69)/15. What is the highest common factor of v and s?
1
Let n be (10 - (0 - 0))/(23 + -21). Suppose 0 = n*o - 3*o - 4*h - 118, 2*o - 115 = 5*h. Let d = -61 + o. What is the greatest common factor of d and 20?
4
Let v be 138/(-4)*(-48)/(-9). Let n = 373 + v. Suppose -106 + 4208 = 211*p - 329. What is the greatest common factor of n and p?
21
Let b be (-71)/1*(-8 - 0). Calculate the greatest common divisor of 1278 and b.
142
Let o(n) = -14*n**2 - 3*n - 5. Let d be o(-3). Let v = 128 + d. What is the greatest common divisor of v and 18?
6
Let a(y) = 7*y**2 - y + 2. Let f be a(2). Suppose 208 = 3*u + f. Suppose 16*p - 18*p + u = 0. Calculate the greatest common divisor of 12 and p.
6
Suppose 6450 = -34*q + 77*q. Suppose -2*m - 11 - 139 = -2*v, -2*v + q = -4*m. What is the greatest common factor of 200 and v?
25
Suppose -2*k + 92 - 4 = 0. Let y(v) = 2*v**2 + 79*v - 1045. Let i be y(-55). What is the greatest common factor of k and i?
44
Let u be (6 + -319)*(0/(-3) - 2). Suppose 265 = 9*x - u. Suppose x + 13 = g. What is the greatest common divisor of 28 and g?
28
Let k be (80/30)/(166/216 + (-15)/20). Calculate the highest common factor of 336 and k.
48
Let w(l) = -73*l - 4054. Let x be w(-56). What is the greatest common factor of 258 and x?
2
Let f be 24/(-15)*(-5)/(-20)*-10. Let w(a) = 2*a**3 + 6*a**2 - 27*a - 4. Let k be w(f). Calculate the highest common factor of 16 and k.
16
Suppose -36*u = -40*u + 28. Suppose -4*q = 20 - 48. Calculate the highest common factor of u and q.
7
Let g(y) = -y**3 - 11*y**2 + 8*y + 18. Let w be g(-12). Let t = 74 - w. Let r be ((-162)/(-15))/(t/40). What is the highest common factor of 135 and r?
27
Let c(j) = -11521*j + 4512. Let r be c(-6). Calculate the highest common divisor of 18 and r.
18
Let g(r) = -1990*r - 4026. Let o be g(-3). What is the highest common divisor of o and 936?
72
Suppose 2*c = 3*g + 868, 3*g = 5 + 7. Suppose 91*m - 589 = 412. What is the highest common divisor of m and c?
11
Let c = -43 + 67. Suppose b - 80 - 400 = 0. What is the highest common divisor of c and b?
24
Let g(x) = -2*x - 15. Let j be g(-17). Suppose -j*u = -11*u - 32. Let h be (7/u - 6)/((-1)/4). Calculate the highest common factor of h and 153.
17
Let v(o) = 1253*o + 5912. Let q be v(-4). Let p be 39 + 0 + -1 - 2. Calculate the greatest common divisor of p and q.
36
Let y = 8236 + -7088. Calculate the highest common factor of 56 and y.
28
Let h = -1114 + 1126. Suppose -2*r = 2*v - 320, 3*r - 5*r = -4*v + 664. Suppose 3*l + 20 = v. Calculate the greatest common factor of h and l.
12
Let k(y) = -y**3 + 11*y**2 + y + 7. Let b be k(7). What is the greatest common factor of b and 240?
30
Suppose 0 = -10*l + 90 + 1480. Let v = l - 78. Let x = v - 71. Calculate the greatest common factor of 32 and x.
8
Suppose -27*s = -7*s + 24000. Let q be -1 + (-2)/6 - s/90. What is the greatest common factor of q and 204?
12
Let i = 2242 + -962. Suppose -14*y + i = 468. Suppose -62*g + y*g + 924 = 0. Calculate the highest common divisor of 21 and g.
21
Suppose 577*u + 516 = 4*x + 576*u, -2*u + 645 = 5*x. Calculate the highest common factor of 2408 and x.
43
Let a(d) = 5*d + 44 - 16*d + 9*d. Let i be a(13). Calculate the greatest common divisor of 90 and i.
18
Let u(h) = h**3 - 4*h**2 - 7*h - 27. Let z be u(5). Let p be (-2)/(z/45 + 9/15). What is the highest common divisor of p and 3?
3
Let h(v) = 4*v**3 + 5*v**2 + 4*v. Let g be h(-3). Let x = 107 + g. Calculate the greatest common factor of x and 64.
32
Let v(d) = d**3 + 11*d**2 - 29*d + 3848. Let q be v(0). What is the greatest common factor of q and 370?
74
Let q(c) = 8*c - 169. Let y be q(28). What is the greatest common factor of 7040 and y?
55
Let a be ((-168)/(-30) + -6)*-440. Let j(k) = -2*k**2 + 14*k - 4. Let d be j(2). Calculate the greatest common divisor of d and a.
16
Suppose -3*b + 6 = -3. Suppose 0 = 6*v - b - 15. Let u be ((-46)/(-4))/(v/6). What is the highest common factor of u and 69?
23
Let j be 6621/18 + (-1)/(-18)*3. Let w(g) = -611*g - 563. Let d be w(-1). Calculate the highest common factor of d and j.
16
Suppose 29530 = 334*q - 530. What is the highest common factor of q and 17730?
90
Let n(o) = o**3 + 74*o**2 - 400*o + 149. Let h be n(-79). What is the greatest common divisor of h and 17?
17
Suppose -2*r = -3*r + 5. Let g be (4 + -5)*(-2 + 3). Let x be g + ((-44)/110)/(1/(-5)). What is the highest common divisor of r and x?
1
Let m(o) = -6*o + 10. Let j be m(7). Let i be (j/12 - -2)/((-6)/432). Suppose 0 = 6*g + i - 120. Calculate the highest common factor of 156 and g.
12
Suppose 2*w + 0*w - 10 = 0. Suppose -561 - 1239 = 8*q. Let d = 